{"id":674,"date":"2017-07-24T08:21:02","date_gmt":"2017-07-24T08:21:02","guid":{"rendered":"https:\/\/haus.attp.tuwien.ac.at\/?page_id=674"},"modified":"2017-07-24T08:21:23","modified_gmt":"2017-07-24T08:21:23","slug":"conferences","status":"publish","type":"page","link":"https:\/\/h-a-u-s.org\/index.php\/conferences\/","title":{"rendered":"Conferences"},"content":{"rendered":"\n<!-- NOTE: If you need to make changes to this file, copy it to your current theme's main\n\tdirectory so your changes won't be overwritten when the plugin is upgraded. -->\n\n<!-- Post Wrap Start-->\n<div class=\"post hentry ivycat-post\">\n\n\t<!-- \tThis outputs the post TITLE -->\n\t<h2 class=\"entry-title\"><a href=\"https:\/\/h-a-u-s.org\/index.php\/2024\/07\/01\/youai-robophilosophy-conference-2024-university-of-aarhus\/\">youAI @ RoboPhilosophy Conference 2024, University of Aarhus<\/a><\/h2>\n\n\t<!-- \tThis outputs the post EXCERPT.  To display full content including images and html,\n\t\treplace the_excerpt(); with the_content();  below. -->\n\t<div class=\"entry-summary\">\n\t\t<p>Oliver will talk about the development of the theoretical questions that led to the performance. How questions about AI-training, collectivity, and body movements were staged, answered, or further developed in&hellip;<\/p>\n\t<\/div>\n\n\t<!--\tThis outputs the post META information -->\n\t<div class=\"entry-utility\">\n\t\t\t\t\t<span class=\"cat-links\">\n\t\t\t\t<span class=\"entry-utility-prep entry-utility-prep-cat-links\">Posted in<\/span> <a href=\"https:\/\/h-a-u-s.org\/index.php\/category\/artarchitecture\/\" rel=\"category tag\">Art&amp;Architecture<\/a>, <a href=\"https:\/\/h-a-u-s.org\/index.php\/category\/artificial-intelligence\/\" rel=\"category tag\">Artificial Intelligence<\/a>, <a href=\"https:\/\/h-a-u-s.org\/index.php\/category\/conference\/\" rel=\"category tag\">Conference<\/a>, <a href=\"https:\/\/h-a-u-s.org\/index.php\/category\/eva-maria-kraft\/\" rel=\"category tag\">Eva-Maria Kraft<\/a>, <a href=\"https:\/\/h-a-u-s.org\/index.php\/category\/event\/\" rel=\"category tag\">Event<\/a>, <a href=\"https:\/\/h-a-u-s.org\/index.php\/category\/florian-decker\/\" rel=\"category tag\">Florian Decker<\/a>, <a href=\"https:\/\/h-a-u-s.org\/index.php\/category\/lecture\/\" rel=\"category tag\">Lecture<\/a>, <a href=\"https:\/\/h-a-u-s.org\/index.php\/category\/oliver-schurer\/\" rel=\"category tag\">Oliver Sch\u00fcrer<\/a>, <a href=\"https:\/\/h-a-u-s.org\/index.php\/category\/performance\/\" rel=\"category tag\">Performance<\/a>\t\t\t<\/span>\n\t\t\t<span class=\"meta-sep\">|<\/span>\n\t\t\t\t\t\t\t<span class=\"tag-links\">\n\t\t\t\t<span class=\"entry-utility-prep entry-utility-prep-tag-links\">Tagged<\/span> <a href=\"https:\/\/h-a-u-s.org\/index.php\/tag\/eva-maria-kraft\/\" rel=\"tag\">Eva-Maria Kraft<\/a>, <a href=\"https:\/\/h-a-u-s.org\/index.php\/tag\/florian-decker\/\" rel=\"tag\">Florian Decker<\/a>, <a href=\"https:\/\/h-a-u-s.org\/index.php\/tag\/oliver-schurer\/\" rel=\"tag\">Oliver Sch\u00fcrer<\/a>\t\t\t<\/span>\n\t\t\t<span class=\"meta-sep\">|<\/span>\n\t\t\t\t<span class=\"comments-link\">\n\t\t\t<span>Comments Off<span class=\"screen-reader-text\"> on youAI @ RoboPhilosophy Conference 2024, University of Aarhus<\/span><\/span>\t\t<\/span>\n\t\t\t<\/div>\n<\/div>\n<!-- \/\/ Post Wrap End -->\n\n<!-- NOTE: If you need to make changes to this file, copy it to your current theme's main\n\tdirectory so your changes won't be overwritten when the plugin is upgraded. -->\n\n<!-- Post Wrap Start-->\n<div class=\"post hentry ivycat-post\">\n\n\t<!-- \tThis outputs the post TITLE -->\n\t<h2 class=\"entry-title\"><a href=\"https:\/\/h-a-u-s.org\/index.php\/2020\/07\/15\/workshop-think-perform-tank-20-8-20-1930-at-international-research-conference-robophilosophy-2020\/\">Workshop &#8220;Think &#038; Perform Tank&#8221; 20.8.20, 19:30 at \u201cInternational Research Conference Robophilosophy 2020\u201d<\/a><\/h2>\n\n\t<!-- \tThis outputs the post EXCERPT.  To display full content including images and html,\n\t\treplace the_excerpt(); with the_content();  below. -->\n\t<div class=\"entry-summary\">\n\t\t<p>Think &amp; Perform Tank; Workshop with hands-on experimental, transdisciplinary research on co-creation of sociocultural places and situations by interaction of dancer, musician, roboticists, robot, and the audience. 20.8.20, 19:30-21:30 Workshop&hellip;<\/p>\n\t<\/div>\n\n\t<!--\tThis outputs the post META information -->\n\t<div class=\"entry-utility\">\n\t\t\t\t\t<span class=\"cat-links\">\n\t\t\t\t<span class=\"entry-utility-prep entry-utility-prep-cat-links\">Posted in<\/span> <a href=\"https:\/\/h-a-u-s.org\/index.php\/category\/conference\/\" rel=\"category tag\">Conference<\/a>, <a href=\"https:\/\/h-a-u-s.org\/index.php\/category\/darja-stoeva\/\" rel=\"category tag\">Darja Stoeva<\/a>, <a href=\"https:\/\/h-a-u-s.org\/index.php\/category\/discourse\/\" rel=\"category tag\">Discourse<\/a>, <a href=\"https:\/\/h-a-u-s.org\/index.php\/category\/eva-maria-kraft\/\" rel=\"category tag\">Eva-Maria Kraft<\/a>, <a href=\"https:\/\/h-a-u-s.org\/index.php\/category\/event\/\" rel=\"category tag\">Event<\/a>, <a href=\"https:\/\/h-a-u-s.org\/index.php\/category\/helena-frijns\/\" rel=\"category tag\">Helena Frijns<\/a>, <a href=\"https:\/\/h-a-u-s.org\/index.php\/category\/hri\/\" rel=\"category tag\">HRi<\/a>, <a href=\"https:\/\/h-a-u-s.org\/index.php\/category\/lecture\/\" rel=\"category tag\">Lecture<\/a>, <a href=\"https:\/\/h-a-u-s.org\/index.php\/category\/oliver-schurer\/\" rel=\"category tag\">Oliver Sch\u00fcrer<\/a>, <a href=\"https:\/\/h-a-u-s.org\/index.php\/category\/performance\/\" rel=\"category tag\">Performance<\/a>, <a href=\"https:\/\/h-a-u-s.org\/index.php\/category\/robophilosophy-conference-2020\/\" rel=\"category tag\">Robophilosophy Conference 2020<\/a>, <a href=\"https:\/\/h-a-u-s.org\/index.php\/category\/robotics\/\" rel=\"category tag\">Robotics<\/a>, <a href=\"https:\/\/h-a-u-s.org\/index.php\/category\/thomas-a-pichler\/\" rel=\"category tag\">Thomas A. Pichler<\/a>\t\t\t<\/span>\n\t\t\t<span class=\"meta-sep\">|<\/span>\n\t\t\t\t\t\t\t<span class=\"tag-links\">\n\t\t\t\t<span class=\"entry-utility-prep entry-utility-prep-tag-links\">Tagged<\/span> <a href=\"https:\/\/h-a-u-s.org\/index.php\/tag\/darja-stoeva\/\" rel=\"tag\">Darja Stoeva<\/a>, <a href=\"https:\/\/h-a-u-s.org\/index.php\/tag\/eva-maria-kraft\/\" rel=\"tag\">Eva-Maria Kraft<\/a>, <a href=\"https:\/\/h-a-u-s.org\/index.php\/tag\/helena-frijns\/\" rel=\"tag\">Helena Frijns<\/a>, <a href=\"https:\/\/h-a-u-s.org\/index.php\/tag\/oliver-schurer\/\" rel=\"tag\">Oliver Sch\u00fcrer<\/a>, <a href=\"https:\/\/h-a-u-s.org\/index.php\/tag\/thomas-a-pichler\/\" rel=\"tag\">Thomas A. Pichler<\/a>\t\t\t<\/span>\n\t\t\t<span class=\"meta-sep\">|<\/span>\n\t\t\t\t<span class=\"comments-link\">\n\t\t\t<span>Comments Off<span class=\"screen-reader-text\"> on Workshop &#8220;Think &#038; Perform Tank&#8221; 20.8.20, 19:30 at \u201cInternational Research Conference Robophilosophy 2020\u201d<\/span><\/span>\t\t<\/span>\n\t\t\t<\/div>\n<\/div>\n<!-- \/\/ Post Wrap End -->\n\n<!-- NOTE: If you need to make changes to this file, copy it to your current theme's main\n\tdirectory so your changes won't be overwritten when the plugin is upgraded. -->\n\n<!-- Post Wrap Start-->\n<div class=\"post hentry ivycat-post\">\n\n\t<!-- \tThis outputs the post TITLE -->\n\t<h2 class=\"entry-title\"><a href=\"https:\/\/h-a-u-s.org\/index.php\/2020\/06\/16\/paper-on-context-awareness-for-social-robots-in-workshop-at-robophilosophy-conference\/\">Paper on \u201cContext-Awareness for Social Robots\u201d in Workshop at Robophilosophy Conference<\/a><\/h2>\n\n\t<!-- \tThis outputs the post EXCERPT.  To display full content including images and html,\n\t\treplace the_excerpt(); with the_content();  below. -->\n\t<div class=\"entry-summary\">\n\t\t<p>Helena and Oliver got accept with a contribution to the workshop &#8220;Social Models for Social Robotics&#8221; at the Robophilosophy Conference with a paper on \u201cContext-Awareness for Social Robots.\u201d<\/p>\n\t<\/div>\n\n\t<!--\tThis outputs the post META information -->\n\t<div class=\"entry-utility\">\n\t\t\t\t\t<span class=\"cat-links\">\n\t\t\t\t<span class=\"entry-utility-prep entry-utility-prep-cat-links\">Posted in<\/span> <a href=\"https:\/\/h-a-u-s.org\/index.php\/category\/conference\/\" rel=\"category tag\">Conference<\/a>, <a href=\"https:\/\/h-a-u-s.org\/index.php\/category\/discourse\/\" rel=\"category tag\">Discourse<\/a>, <a href=\"https:\/\/h-a-u-s.org\/index.php\/category\/event\/\" rel=\"category tag\">Event<\/a>, <a href=\"https:\/\/h-a-u-s.org\/index.php\/category\/helena-frijns\/\" rel=\"category tag\">Helena Frijns<\/a>, <a href=\"https:\/\/h-a-u-s.org\/index.php\/category\/hri\/\" rel=\"category tag\">HRi<\/a>, <a href=\"https:\/\/h-a-u-s.org\/index.php\/category\/robophilosophy-conference-2020\/\" rel=\"category tag\">Robophilosophy Conference 2020<\/a>\t\t\t<\/span>\n\t\t\t<span class=\"meta-sep\">|<\/span>\n\t\t\t\t\t\t\t<span class=\"tag-links\">\n\t\t\t\t<span class=\"entry-utility-prep entry-utility-prep-tag-links\">Tagged<\/span> <a href=\"https:\/\/h-a-u-s.org\/index.php\/tag\/helena-frijns\/\" rel=\"tag\">Helena Frijns<\/a>, <a href=\"https:\/\/h-a-u-s.org\/index.php\/tag\/oliver-schurer\/\" rel=\"tag\">Oliver Sch\u00fcrer<\/a>\t\t\t<\/span>\n\t\t\t<span class=\"meta-sep\">|<\/span>\n\t\t\t\t<span class=\"comments-link\">\n\t\t\t<span>Comments Off<span class=\"screen-reader-text\"> on Paper on \u201cContext-Awareness for Social Robots\u201d in Workshop at Robophilosophy Conference<\/span><\/span>\t\t<\/span>\n\t\t\t<\/div>\n<\/div>\n<!-- \/\/ Post Wrap End -->\n\n<!-- NOTE: If you need to make changes to this file, copy it to your current theme's main\n\tdirectory so your changes won't be overwritten when the plugin is upgraded. -->\n\n<!-- Post Wrap Start-->\n<div class=\"post hentry ivycat-post\">\n\n\t<!-- \tThis outputs the post TITLE -->\n\t<h2 class=\"entry-title\"><a href=\"https:\/\/h-a-u-s.org\/index.php\/2020\/06\/15\/upcoming-workshop-at-international-research-conference-robophilosophy-2020\/\">upcoming > Workshop at \u201cInternational Research Conference Robophilosophy 2020\u201d<\/a><\/h2>\n\n\t<!-- \tThis outputs the post EXCERPT.  To display full content including images and html,\n\t\treplace the_excerpt(); with the_content();  below. -->\n\t<div class=\"entry-summary\">\n\t\t<p>Happy to announce that we are going to offer a workshop at the Robophilosophy conference again! Robotic and artificial intelligent artefacts are continuously being introduced more and more into the&hellip;<\/p>\n\t<\/div>\n\n\t<!--\tThis outputs the post META information -->\n\t<div class=\"entry-utility\">\n\t\t\t\t\t<span class=\"cat-links\">\n\t\t\t\t<span class=\"entry-utility-prep entry-utility-prep-cat-links\">Posted in<\/span> <a href=\"https:\/\/h-a-u-s.org\/index.php\/category\/architecture\/\" rel=\"category tag\">Architecture<\/a>, <a href=\"https:\/\/h-a-u-s.org\/index.php\/category\/art\/\" rel=\"category tag\">Art<\/a>, <a href=\"https:\/\/h-a-u-s.org\/index.php\/category\/artificial-intelligence\/\" rel=\"category tag\">Artificial Intelligence<\/a>, <a href=\"https:\/\/h-a-u-s.org\/index.php\/category\/conference\/\" rel=\"category tag\">Conference<\/a>, <a href=\"https:\/\/h-a-u-s.org\/index.php\/category\/darja-stoeva\/\" rel=\"category tag\">Darja Stoeva<\/a>, <a href=\"https:\/\/h-a-u-s.org\/index.php\/category\/discourse\/\" rel=\"category tag\">Discourse<\/a>, <a href=\"https:\/\/h-a-u-s.org\/index.php\/category\/eva-maria-kraft\/\" rel=\"category tag\">Eva-Maria Kraft<\/a>, <a href=\"https:\/\/h-a-u-s.org\/index.php\/category\/event\/\" rel=\"category tag\">Event<\/a>, <a href=\"https:\/\/h-a-u-s.org\/index.php\/category\/helena-frijns\/\" rel=\"category tag\">Helena Frijns<\/a>, <a href=\"https:\/\/h-a-u-s.org\/index.php\/category\/lecture\/\" rel=\"category tag\">Lecture<\/a>, <a href=\"https:\/\/h-a-u-s.org\/index.php\/category\/oliver-schurer\/\" rel=\"category tag\">Oliver Sch\u00fcrer<\/a>, <a href=\"https:\/\/h-a-u-s.org\/index.php\/category\/performance\/\" rel=\"category tag\">Performance<\/a>, <a href=\"https:\/\/h-a-u-s.org\/index.php\/category\/robophilosophy-conference-2020\/\" rel=\"category tag\">Robophilosophy Conference 2020<\/a>, <a href=\"https:\/\/h-a-u-s.org\/index.php\/category\/thomas-a-pichler\/\" rel=\"category tag\">Thomas A. Pichler<\/a>\t\t\t<\/span>\n\t\t\t<span class=\"meta-sep\">|<\/span>\n\t\t\t\t\t\t\t<span class=\"tag-links\">\n\t\t\t\t<span class=\"entry-utility-prep entry-utility-prep-tag-links\">Tagged<\/span> <a href=\"https:\/\/h-a-u-s.org\/index.php\/tag\/darja-stoeva\/\" rel=\"tag\">Darja Stoeva<\/a>, <a href=\"https:\/\/h-a-u-s.org\/index.php\/tag\/eva-maria-kraft\/\" rel=\"tag\">Eva-Maria Kraft<\/a>, <a href=\"https:\/\/h-a-u-s.org\/index.php\/tag\/helena-frijns\/\" rel=\"tag\">Helena Frijns<\/a>, <a href=\"https:\/\/h-a-u-s.org\/index.php\/tag\/lecture\/\" rel=\"tag\">lecture<\/a>, <a href=\"https:\/\/h-a-u-s.org\/index.php\/tag\/oliver-schurer\/\" rel=\"tag\">Oliver Sch\u00fcrer<\/a>, <a href=\"https:\/\/h-a-u-s.org\/index.php\/tag\/performance\/\" rel=\"tag\">Performance<\/a>, <a href=\"https:\/\/h-a-u-s.org\/index.php\/tag\/thomas-a-pichler\/\" rel=\"tag\">Thomas A. Pichler<\/a>, <a href=\"https:\/\/h-a-u-s.org\/index.php\/tag\/workshop\/\" rel=\"tag\">workshop<\/a>\t\t\t<\/span>\n\t\t\t<span class=\"meta-sep\">|<\/span>\n\t\t\t\t<span class=\"comments-link\">\n\t\t\t<span>Comments Off<span class=\"screen-reader-text\"> on upcoming > Workshop at \u201cInternational Research Conference Robophilosophy 2020\u201d<\/span><\/span>\t\t<\/span>\n\t\t\t<\/div>\n<\/div>\n<!-- \/\/ Post Wrap End -->\n\n<!-- NOTE: If you need to make changes to this file, copy it to your current theme's main\n\tdirectory so your changes won't be overwritten when the plugin is upgraded. -->\n\n<!-- Post Wrap Start-->\n<div class=\"post hentry ivycat-post\">\n\n\t<!-- \tThis outputs the post TITLE -->\n\t<h2 class=\"entry-title\"><a href=\"https:\/\/h-a-u-s.org\/index.php\/2020\/01\/30\/mental-models-in-hri-workshop-at-acm-ieee-international-conference-on-human-robot-interaction\/\">Paper on &#8220;Mental Models in HRI&#8221; Workshop at ACM\/IEEE International Conference on Human-Robot Interaction<\/a><\/h2>\n\n\t<!-- \tThis outputs the post EXCERPT.  To display full content including images and html,\n\t\treplace the_excerpt(); with the_content();  below. -->\n\t<div class=\"entry-summary\">\n\t\t<p>Helena and Oliver got accept with a contribution to the workshop at the ACM\/IEEE International Conference on Human-Robot Interaction with a paper on &#8220;Mental Models of Robots.&#8221;<\/p>\n\t<\/div>\n\n\t<!--\tThis outputs the post META information -->\n\t<div class=\"entry-utility\">\n\t\t\t\t\t<span class=\"cat-links\">\n\t\t\t\t<span class=\"entry-utility-prep entry-utility-prep-cat-links\">Posted in<\/span> <a href=\"https:\/\/h-a-u-s.org\/index.php\/category\/conference\/\" rel=\"category tag\">Conference<\/a>, <a href=\"https:\/\/h-a-u-s.org\/index.php\/category\/discourse\/\" rel=\"category tag\">Discourse<\/a>, <a href=\"https:\/\/h-a-u-s.org\/index.php\/category\/helena-frijns\/\" rel=\"category tag\">Helena Frijns<\/a>, <a href=\"https:\/\/h-a-u-s.org\/index.php\/category\/hri\/\" rel=\"category tag\">HRi<\/a>, <a href=\"https:\/\/h-a-u-s.org\/index.php\/category\/lecture\/\" rel=\"category tag\">Lecture<\/a>, <a href=\"https:\/\/h-a-u-s.org\/index.php\/category\/oliver-schurer\/\" rel=\"category tag\">Oliver Sch\u00fcrer<\/a>\t\t\t<\/span>\n\t\t\t<span class=\"meta-sep\">|<\/span>\n\t\t\t\t\t\t\t<span class=\"tag-links\">\n\t\t\t\t<span class=\"entry-utility-prep entry-utility-prep-tag-links\">Tagged<\/span> <a href=\"https:\/\/h-a-u-s.org\/index.php\/tag\/conference\/\" rel=\"tag\">conference<\/a>, <a href=\"https:\/\/h-a-u-s.org\/index.php\/tag\/helena-frijns\/\" rel=\"tag\">Helena Frijns<\/a>, <a href=\"https:\/\/h-a-u-s.org\/index.php\/tag\/lecture\/\" rel=\"tag\">lecture<\/a>, <a href=\"https:\/\/h-a-u-s.org\/index.php\/tag\/oliver-schurer\/\" rel=\"tag\">Oliver Sch\u00fcrer<\/a>, <a href=\"https:\/\/h-a-u-s.org\/index.php\/tag\/workshop\/\" rel=\"tag\">workshop<\/a>\t\t\t<\/span>\n\t\t\t<span class=\"meta-sep\">|<\/span>\n\t\t\t\t<span class=\"comments-link\">\n\t\t\t<span>Comments Off<span class=\"screen-reader-text\"> on Paper on &#8220;Mental Models in HRI&#8221; Workshop at ACM\/IEEE International Conference on Human-Robot Interaction<\/span><\/span>\t\t<\/span>\n\t\t\t<\/div>\n<\/div>\n<!-- \/\/ Post Wrap End -->\n\n<!-- NOTE: If you need to make changes to this file, copy it to your current theme's main\n\tdirectory so your changes won't be overwritten when the plugin is upgraded. -->\n\n<!-- Post Wrap Start-->\n<div class=\"post hentry ivycat-post\">\n\n\t<!-- \tThis outputs the post TITLE -->\n\t<h2 class=\"entry-title\"><a href=\"https:\/\/h-a-u-s.org\/index.php\/2018\/12\/12\/workshop-trust-in-robotic-systems-at-conference-technische-unterstuetzungssysteme-die-die-menschen-wirklich-wollen\/\">Workshop &#8220;Trust in Robotic Systems&#8221; at conference &#8220;Developing Support Technologies, Integrating Multiple Perspectives to Create Assistance that People Really Want&#8221;<\/a><\/h2>\n\n\t<!-- \tThis outputs the post EXCERPT.  To display full content including images and html,\n\t\treplace the_excerpt(); with the_content();  below. -->\n\t<div class=\"entry-summary\">\n\t\t<p>Workshop \u201eVertrauen in robotische Systeme\u201c Um mit robotischen Systemen in unmittelbarer N\u00e4he umzugehen, brauchen Menschen eine Art grundlegende Hypothese als Antizipation \u00fcber das zuk\u00fcnftige Verhalten dieser Systeme: Vertrauen. Wie kann&hellip;<\/p>\n\t<\/div>\n\n\t<!--\tThis outputs the post META information -->\n\t<div class=\"entry-utility\">\n\t\t\t\t\t<span class=\"cat-links\">\n\t\t\t\t<span class=\"entry-utility-prep entry-utility-prep-cat-links\">Posted in<\/span> <a href=\"https:\/\/h-a-u-s.org\/index.php\/category\/architecture\/\" rel=\"category tag\">Architecture<\/a>, <a href=\"https:\/\/h-a-u-s.org\/index.php\/category\/artificial-intelligence\/\" rel=\"category tag\">Artificial Intelligence<\/a>, <a href=\"https:\/\/h-a-u-s.org\/index.php\/category\/benjamin-stangl\/\" rel=\"category tag\">Benjamin Stangl<\/a>, <a href=\"https:\/\/h-a-u-s.org\/index.php\/category\/christoph-hubatschke\/\" rel=\"category tag\">Christoph Hubatschke<\/a>, <a href=\"https:\/\/h-a-u-s.org\/index.php\/category\/christoph-muller\/\" rel=\"category tag\">Christoph M\u00fcller<\/a>, <a href=\"https:\/\/h-a-u-s.org\/index.php\/category\/conference\/\" rel=\"category tag\">Conference<\/a>, <a href=\"https:\/\/h-a-u-s.org\/index.php\/category\/discourse\/\" rel=\"category tag\">Discourse<\/a>, <a href=\"https:\/\/h-a-u-s.org\/index.php\/category\/lecture\/\" rel=\"category tag\">Lecture<\/a>, <a href=\"https:\/\/h-a-u-s.org\/index.php\/category\/oliver-schurer\/\" rel=\"category tag\">Oliver Sch\u00fcrer<\/a>, <a href=\"https:\/\/h-a-u-s.org\/index.php\/category\/space-game\/\" rel=\"category tag\">Space-Game<\/a>\t\t\t<\/span>\n\t\t\t<span class=\"meta-sep\">|<\/span>\n\t\t\t\t\t\t\t<span class=\"tag-links\">\n\t\t\t\t<span class=\"entry-utility-prep entry-utility-prep-tag-links\">Tagged<\/span> <a href=\"https:\/\/h-a-u-s.org\/index.php\/tag\/benjamin-stangl\/\" rel=\"tag\">Benjamin Stangl<\/a>, <a href=\"https:\/\/h-a-u-s.org\/index.php\/tag\/christoph-hubatschke\/\" rel=\"tag\">Christoph Hubatschke<\/a>, <a href=\"https:\/\/h-a-u-s.org\/index.php\/tag\/christoph-muller\/\" rel=\"tag\">Christoph M\u00fcller<\/a>, <a href=\"https:\/\/h-a-u-s.org\/index.php\/tag\/oliver-schurer\/\" rel=\"tag\">Oliver Sch\u00fcrer<\/a>, <a href=\"https:\/\/h-a-u-s.org\/index.php\/tag\/space-game\/\" rel=\"tag\">space-game<\/a>\t\t\t<\/span>\n\t\t\t<span class=\"meta-sep\">|<\/span>\n\t\t\t\t<span class=\"comments-link\">\n\t\t\t<span>Comments Off<span class=\"screen-reader-text\"> on Workshop &#8220;Trust in Robotic Systems&#8221; at conference &#8220;Developing Support Technologies, Integrating Multiple Perspectives to Create Assistance that People Really Want&#8221;<\/span><\/span>\t\t<\/span>\n\t\t\t<\/div>\n<\/div>\n<!-- \/\/ Post Wrap End -->\n\n","protected":false},"excerpt":{"rendered":"","protected":false},"author":2,"featured_media":0,"parent":0,"menu_order":0,"comment_status":"closed","ping_status":"closed","template":"","meta":{"footnotes":""},"class_list":["post-674","page","type-page","status-publish","hentry"],"_links":{"self":[{"href":"https:\/\/h-a-u-s.org\/index.php\/wp-json\/wp\/v2\/pages\/674","targetHints":{"allow":["GET"]}}],"collection":[{"href":"https:\/\/h-a-u-s.org\/index.php\/wp-json\/wp\/v2\/pages"}],"about":[{"href":"https:\/\/h-a-u-s.org\/index.php\/wp-json\/wp\/v2\/types\/page"}],"author":[{"embeddable":true,"href":"https:\/\/h-a-u-s.org\/index.php\/wp-json\/wp\/v2\/users\/2"}],"replies":[{"embeddable":true,"href":"https:\/\/h-a-u-s.org\/index.php\/wp-json\/wp\/v2\/comments?post=674"}],"version-history":[{"count":1,"href":"https:\/\/h-a-u-s.org\/index.php\/wp-json\/wp\/v2\/pages\/674\/revisions"}],"predecessor-version":[{"id":675,"href":"https:\/\/h-a-u-s.org\/index.php\/wp-json\/wp\/v2\/pages\/674\/revisions\/675"}],"wp:attachment":[{"href":"https:\/\/h-a-u-s.org\/index.php\/wp-json\/wp\/v2\/media?parent=674"}],"curies":[{"name":"wp","href":"https:\/\/api.w.org\/{rel}","templated":true}]}}